 171547. Is b(0) composite?
True
Let v(h) = h**3 - 6*h**2 + 3*h + 13. Let k be v(5). Suppose -2*s = -5*l - 1662, -5*l + 2443 = k*s - 0*l. Is s prime?
True
Is (137 + -133)*(-14821)/(-4) composite?
False
Let q(y) = 9*y + 2. Let t be q(7). Suppose 0 = i + 3*z + t, -2*i - 4*z = -7*i - 230. Let g = 117 + i. Is g a composite number?
False
Suppose 0 = -61*i - 5*i + 2530506. Is i a prime number?
False
Let y(u) = 404*u**2 - 21*u + 38. Let k(j) = j**2 + 3*j - 2. Let h(i) = 3*k(i) + y(i). Is h(-7) a composite number?
True
Let y be ((-4 + 3)*-5)/((-55)/(-726)). Is 19161/(-2)*(-44)/y a composite number?
True
Let u be (6456/(-16))/(1/(-4)). Let w = 7697 - u. Suppose 5*l - 2*s - w = 0, -l - 4*s + 3655 = 2*l. Is l a prime number?
True
Let f be (2/7 - (-22)/(-28))*-1580. Suppose -5*u - 5*s = -f, -s + 6*s = u - 176. Is u composite?
True
Suppose q = 4*q + 116346. Let m = 17460 + q. Is m/(-56) + 1/4 a composite number?
True
Let t(o) = o**3 + 60*o**2 - 102*o + 21. Is t(-32) composite?
False
Suppose 3*h - 2*g = -29, g + 44 = -4*h - h. Let p(u) = -11*u**3 - 7*u - 11. Let q be p(h). Suppose 16943 = 6*j - q. Is j composite?
True
Let f be (-2)/((-4)/12983) + 4/(-8). Suppose -4*g + f = 3*k + 1348, -1721 = -k - 3*g. Is k a composite number?
False
Suppose 0 = 2*f + 2*x + 10, -3*x = 2*f - 4*x - 5. Let h be ((f - 1) + -20 + 3)/1. Is 393/(-2)*12/h a prime number?
True
Is (-12 - -27404) + ((-30)/(-4 + -2) - 0) a prime number?
True
Suppose -3398714 = -5*d - 17*d. Is d a prime number?
True
Let w(z) = -4*z**2 - 6 + 10 + z**3 - 2*z**3 - 2*z. Let c be w(-4). Is (13418/4 - 1) + (-6)/c composite?
True
Suppose 2*g = -4492 - 3626. Let h = g - -6296. Is h a composite number?
False
Let m be 6/9 + (-7420)/6. Let b be (1877 + 1 - 1)*-1. Let h = m - b. Is h composite?
False
Let y(z) = -83*z + 44*z + 28 + 40*z. Let t be y(-23). Suppose -p = 4*l - 2*p - 1511, 2*l - 783 = -t*p. Is l prime?
True
Suppose 0 = 3*a - 5*x - 383807, a - 3*x = -x + 127934. Suppose 27*m = 51*m - a. Is m prime?
False
Let i(m) = 2912*m - 14. Let f(g) = -1456*g + 5. Let y(t) = 5*f(t) + 3*i(t). Is y(11) a prime number?
False
Suppose 27*q = 1705146 + 4411090 + 4176569. Is q a composite number?
True
Let z be 1158951/212 + (-26)/(-8) + -2. Let b = -2835 + z. Is b prime?
True
Let k be (-103190)/3*6/5. Let w = -22517 - k. Is (-3)/(-12)*-1 + w/12 a prime number?
False
Suppose -45986262 = 57*o - 276*o + 50415129. Is o composite?
True
Let q = 36 - 42. Let b(x) = 209*x**2 - 13*x - 61. Is b(q) composite?
False
Suppose 0 = -t + v + 7, 7*t - 8*t + 4*v = -22. Suppose -45*c = 3*u - 40*c - 11258, -t*u - 2*c + 7512 = 0. Is u prime?
True
Let o = -841 + 836. Is (o - (-12 + 5))*17558/4 a prime number?
True
Let f = 210 + -217. Let r(v) = -408*v + 161. Is r(f) composite?
True
Let l = 6945 - 12250. Let i = 4510 + -6222. Let v = i - l. Is v a composite number?
False
Let h(q) = -q**2 + 11*q + 5. Let v be h(11). Suppose -b - 11 = -5*a, -a - 17 = -0*b - v*b. Suppose -5*z + w = -594 - 195, -451 = -a*z - 5*w. Is z composite?
False
Let t be (3 + -35)/((-9)/9). Is 10*(-237)/9*(-48)/t composite?
True
Let y(i) = -455484*i + 4573. Is y(-8) a prime number?
False
Suppose -3549968 = -18*i + 3137158. Is i composite?
True
Suppose -51*h - 33253304 = -110974193. Is h a prime number?
True
Suppose 5*c + 8 = 2*o, 5*c - 16 = -4*o - 0. Let x be (1*-1)/(o/(5 - 57)). Suppose x*v - 417 = 10*v. Is v prime?
True
Let p = -506012 - -1636345. Is p composite?
True
Let j = 20 - 20. Let w be (-11 + -9)*(j + (-3)/6). Suppose w*m - 2454 = 4*m. Is m a prime number?
True
Suppose 31*b = 43*b - 811248. Suppose 0 = d - 5*k - b, -4*d = -4*k - 198288 - 72208. Is d composite?
True
Let y(w) = 25*w + 49. Let q be (-164)/(-10) - ((-259)/(-35) + -7). Let d be -5 + q + (-5)/(-1). Is y(d) a composite number?
False
Let g(f) = -f**2 + 3*f - 2. Let s(j) = 6*j**2 - 15*j + 11. Let y(o) = 11*g(o) + 2*s(o). Let k be y(-5). Suppose -8*b = -k*b + 1486. Is b composite?
False
Suppose -16 = -4*d + 2*t - 5*t, d - 4 = t. Suppose -d*i + 17912 = 4*o, 3*i - 2*o = -2454 + 15903. Is i composite?
False
Suppose 77*y - 69*y = -a + 676203, 2705057 = 4*a - 3*y. Is a prime?
True
Let z = 16 + -7. Suppose z*c + 10357 = 113326. Is c a composite number?
True
Suppose z - 167 = -6*g + g, -3*g + z + 97 = 0. Is 5856/15 - g/(-55) prime?
False
Suppose 2*h - 3*t - 589 = 132, 5*t = -4*h + 1431. Suppose -38 = j - h. Suppose 4*x - 722 = 5*v + 592, -x = -5*v - j. Is x composite?
False
Is ((-70)/4 + 2)/(-3*5/6690) prime?
False
Suppose 0*l - 3*v - 27 = -4*l, -2*l = 2*v - 10. Let f(t) be the first derivative of 5*t**4/2 - 2*t**3 + 2*t**2 - 19*t - 1521. Is f(l) composite?
False
Let r = -18731 - -26405. Suppose -7*b = -r - 7537. Is b a prime number?
False
Let j(w) = -121*w**3 + 49*w**2 - 30*w - 55. Let h(p) = 24*p**3 - 10*p**2 + 6*p + 11. Let t(s) = 11*h(s) + 2*j(s). Is t(9) a composite number?
False
Suppose -17*r + 94 + 8 = 0. Let u be 2/(-5) + (-114)/15. Is (r/u)/((-3)/3732) a prime number?
False
Is 4 - ((-2226813)/11 - 6/(-11)) prime?
True
Let u be (((0/3)/(-1))/1)/(-1). Suppose u = -11*i + 7*i + 572. Suppose -d = -5*d + j + i, -j = d - 32. Is d composite?
True
Let s(j) = 3*j**3 + 22*j**2 - 48*j + 56. Let c(v) = 4*v**3 + 22*v**2 - 49*v + 55. Let m(l) = -2*c(l) + 3*s(l). Is m(-24) a prime number?
False
Let i(v) = -6375*v**3 + 36*v**2 - 7*v - 22. Let y(k) = -1275*k**3 + 7*k**2 - k - 4. Let z(h) = -2*i(h) + 11*y(h). Is z(-1) composite?
False
Let z(h) = 150*h - 46. Let l(f) = 76*f - 21. Let d(s) = 9*l(s) - 4*z(s). Is d(11) composite?
False
Let r = 1330744 + -897837. Is r composite?
False
Let s(t) = 921*t**2 + 72*t + 166. Is s(-15) a prime number?
False
Let z = -157004 + 325485. Is z composite?
False
Let w = -50073 + 92870. Is w composite?
False
Let d = 26 - 24. Suppose 0 = 4*t - t + 3*y - 10368, -3*y = -d*t + 6892. Is (-2)/((-8)/t + (-2 - -2)) a composite number?
False
Let j = 115 + -113. Suppose 3*a = -2*k - 5, 3*a + k + j = a. Is 4076 + -2 + a*-1 prime?
True
Suppose -5*s + 2*z + 87605 = 0, 2*s - 25*z + 23*z = 35048. Is s prime?
True
Suppose -5*h + 5 = 0, -3*d + 3*h - 2 - 1 = 0. Suppose -5087 = -p - d*p. Is p composite?
False
Suppose -16*f = 2*f + 54. Is f/((-7722)/2572 + 3) + 0 prime?
False
Let d(n) = 1709*n**3 + 2*n**2 - 2*n + 2. Suppose -58 + 63 = 5*g. Is d(g) a composite number?
True
Suppose -4*a + 5*f = 10 - 41, 13 = a + 4*f. Suppose -z = -5*b + 1590, -a*b + z - 962 = -12*b. Is b a prime number?
False
Suppose 4*g = -13*w + 10*w - 147, -3*g = 5*w + 124. Let z(r) = r**3 + 36*r**2 + 43*r + 101. Is z(g) a composite number?
False
Let v = -1 - 8. Let z(b) be the third derivative of -23*b**4/12 + b**3/6 - 33*b**2 - b. Is z(v) a prime number?
False
Is ((-426)/104 - 52/338)/(2/(-35944)) a prime number?
False
Suppose 0 = -4*w + 2*v + 6, 4*w - 3*w + 16 = 4*v. Is (-3055 + w + 7)*1/(-2) a composite number?
True
Let t = 67906 + 17983. Is t composite?
False
Let h(u) = 3733*u + 3922. Is h(61) a composite number?
True
Let m be ((-6)/10 - -1)*5. Suppose 0 = -733*s + 751*s - 36. Suppose m*u - 236 = 2*j - 4*j, -6 = s*u. Is j composite?
True
Suppose 5*h + 5*v = 15, -8*v + 3 = -h - 11*v. Let s(l) = 95*l**3 - 2*l**2 + 24*l - 93. Is s(h) prime?
False
Suppose -5 = n + 4*i + 9, 3*n = -2*i - 22. Is (n - (-4496 + 9))/(-1 + 2) composite?
False
Suppose 19*y - 3*b - 834039 = 16*y, 2*b + 1390077 = 5*y. Is y prime?
True
Suppose -72*v + 4 = -70*v. Is 162078/85 - v/(-10) a composite number?
False
Let j be (1962/(-2))/((-4)/(-348)*-3). Suppose -j = -4*p - 9729. Suppose -3*f + 26961 = p. Is f a prime number?
False
Suppose -10*k - 22572 - 88628 = 0. Let m = -4347 - k. Is m a prime number?
False
Let o(y) = -y**3 + y - 2. Let b be (1 + (-9)/6)*0/(-2). Let a be o(b). Is ((-1)/2)/(a/596) prime?
True
Is 3 - ((-650)/(-5))/((-9)/3249) a composite number?
False
Let p(u) = -u**3 + 5*u**2 + 15*u - 19. Let v = 35 - 29. Is p(v) a composite number?
True
Let z be 9/(-6) + (-220)/(-40). Suppose z*o - 96802 - 47346 = 0. Is o a composite number?
False
Suppose 4*i - 5*w = 223843, -12*w - 55951 = -i - 14*w. Is i prime?
False
Let a = -3821 + 13234. Is a a prime number?
True
Let a(h) = 3796*h**3 - 3*h**2 - 2*h + 5. Let t be a(1). Suppose 3*d - 3792 = 2*b - 5*b, -3*b - 5*d = -t. Is b a prime number?
False
Let u be (2 + -1 + 1)/((-64)/27232). Let p = u - -1338. Is p prime?
True
Suppose 